e tens digit of n(7)?
5
Suppose 0*p + 3*p + 606 = 0. Let c = -111 - p. Suppose 0 = 3*o - c - 107. What is the units digit of o?
6
Let u = -18457 + 46515. What is the ten thousands digit of u?
2
Let x = 18167 + 52699. What is the hundreds digit of x?
8
Suppose -4*p + 8*p = -4*k + 108, -83 = -3*k - p. Let r be 416/28 - (-4)/k. What is the units digit of 681*(-5 + 80/r)?
7
Let v(j) = 27*j**2 - 29*j + 146. What is the units digit of v(-16)?
2
Suppose 46 = x + 18. Suppose 33*u = x*u - 10. Let l(n) = -27*n + 9. What is the units digit of l(u)?
3
Suppose 26642 = 17*n - 6*n. What is the hundreds digit of n?
4
Let n(u) = -10*u**3 - 8*u**2 - 205*u - 989. What is the tens digit of n(-5)?
8
Suppose 19*b + 116544 = 22*b + 21*b. What is the tens digit of b?
5
Let n(w) be the second derivative of w**4 + w**3/6 - 7*w**2/2 - 7*w. Let d be n(-5). What is the tens digit of ((-2)/6)/(861/d - 3)?
3
Let o(d) = -5*d - 2. Let p be (-7 - 33) + 0/1. Let h = 37 + p. What is the tens digit of o(h)?
1
Suppose -4*l - 41 - 115 = 0. Let s = l - -43. Suppose -86 = -2*w + 5*j, -s*w + 2*j = -0*j - 188. What is the units digit of w?
8
Let o(r) = r**3 - r**2 - 2*r - 22. Let l be o(-6). Let m = 403 + l. What is the hundreds digit of m?
1
Let b(z) = -22*z + 2. Let t be b(-13). Let l = 459 - t. What is the units digit of l?
1
Let d = -6154 - -12769. What is the tens digit of d/(-9 + 18) - 7?
2
Suppose z - 53 = -51. Let l(i) = -z + 1 - 6*i + 50*i**2 + 6 + 1. What is the units digit of l(1)?
0
Let d(r) = 295*r**2 - 213*r + 1188. What is the tens digit of d(6)?
3
Let z = -92 + 95. Suppose s = -p - s - 62, s = z*p + 158. Let a = 16 - p. What is the units digit of a?
0
Suppose -2*f - f - 17 = 4*n, -5*n = 3*f + 22. What is the units digit of 124*f*(1 - -1)?
8
Let o = -15703 + 30440. What is the thousands digit of o?
4
Suppose -7*p = -4*j + 30638 + 33376, -2*p - 47991 = -3*j. What is the ten thousands digit of j?
1
What is the units digit of (-4 + 3666/(-24))*(-1092)/63?
7
Let m = -646 - -645. What is the tens digit of m*(2 + 15*-4)?
5
Suppose -319 = 6*i + 89. Let r = 52 + i. What is the hundreds digit of 8/r*992/((-4)/2)?
2
Suppose 0 = o - 2, f - 2*f - 5*o + 14 = 0. Suppose f*p + 50 = 9*p. Let q = p + -2. What is the units digit of q?
8
Suppose 0 = -5*b + 4*d + 28, -2*b + 3*d + 14 = -0*b. Suppose 2*a - b*z = 4*a - 218, -a + 112 = z. What is the units digit of a?
5
Let p(a) = 38*a - 3 - 3 + 3 - 102*a. Let w be p(-7). Suppose -3*d - 5*n + 351 = 0, 0 = 5*d - d - n - w. What is the hundreds digit of d?
1
Let m = 8952 - 2745. What is the units digit of m?
7
Suppose 4*z - 951 - 1725 = 0. Suppose 10*f - z - 1771 = 0. What is the tens digit of f?
4
Let l = 15744 + -11209. What is the hundreds digit of l?
5
Suppose -3*h = 7 - 10, 5*r - 51598 = -13*h. What is the ten thousands digit of r?
1
Suppose 37*w - 12 = 40*w. What is the hundreds digit of (2 - -190)/(w + (-172)/(-40))?
6
What is the thousands digit of 46/(-4)*80/(-30)*(-117)/(-2)?
1
Suppose -4*d - 3*j = -293, 80 = 2*d + 2*j - 68. Suppose 2*x + d = 283. Let l = -50 + x. What is the tens digit of l?
5
Let l be (-18)/(-45) - 6/15. Let u be -6*(-2)/(4/2). Suppose 5*x + f = 380, l = -u*x + 3*x - 2*f + 235. What is the tens digit of x?
7
Suppose -4*u = 2*m - 24, 0 = -2*m + 4*u - 0*u + 48. Suppose 16*i - m*i = -760. Suppose -4*k + 272 + i = 0. What is the hundreds digit of k?
1
Let z(i) = -98*i**2 + 9*i + 6. Let a be z(-6). Suppose -11*h - 431 = -35. What is the units digit of 6/2*a/h?
8
Let z be -5*((-4)/(-10) - 26/10). Suppose 2*m + z = 3*u, -2*u - 4 = -4*u + 3*m. Suppose -4*v = -u*l - 54 - 11, -2*v - 2*l = -28. What is the tens digit of v?
1
Suppose u + 0 + 2 = 0. Let a = 58 + -56. What is the tens digit of (171/a - (-1)/(-2)) + u?
8
Suppose -3*l = -3*v - 507, -2*v + 97 - 455 = 2*l. Let m(w) = -w**3 - 3*w**2. Let b be m(-5). What is the hundreds digit of (2/(-2) + v)*(-40)/b?
1
Let r(h) = -5*h**2 - 21*h - 35. Let a(z) = z**2 + 4*z + 7. Let n(u) = 11*a(u) + 2*r(u). Let y be (0 + -3)/((18/66)/1). What is the hundreds digit of n(y)?
1
Suppose 31871 = 3*c + o, c - 3*o - 7810 = 2817. What is the hundreds digit of c?
6
Suppose 68*a - 3264 = 80*a. Let d = a + 847. What is the hundreds digit of d?
5
Let k be (-1)/(-4) + (-2330)/8. Let i = 444 + k. Suppose -4*r = -3*v + i, 0 = -2*v + 3*v - 3*r - 46. What is the tens digit of v?
5
Suppose 3*f - 625 = -2*d, -4*d = -0*d + 16. Suppose -4*w - w + 2*c = f, -4*w + 2*c = 168. Let s = -26 - w. What is the units digit of s?
7
Let a(z) = -4*z**2 + 8*z - 15. Let i be a(2). What is the thousands digit of (1 - 514)/(i/(-600)*-15)?
1
Let o be (10 - (-112)/(-12)) + 70/3. Let l(j) = 24*j - 120. What is the tens digit of l(o)?
5
Let i = -8565 + 19294. Suppose -15*k + i = -8996. What is the hundreds digit of k?
3
Suppose -5 = -2*s - 3*s + 5*v, 2*s = -v + 5. Suppose 5*f - 2*i - 565 = 3*i, s*f + 5*i - 233 = 0. Suppose f = 14*k - 13*k. What is the hundreds digit of k?
1
Suppose -5*b - 5*z = -67975, 7*b - 108772 = -b - 2*z. What is the hundreds digit of b?
5
Suppose -138*f + 1416736 - 362278 = 0. What is the tens digit of f?
4
Suppose -2*x = -4*l - 47684, x = -21*l + 19*l + 23846. What is the thousands digit of x?
3
Suppose -251922 = -3*x - 4*w, 2*w - 6882 = -3*x + 245028. What is the tens digit of x?
6
Let l(i) = i + 9. Let p be l(-11). Let k = 2 - p. Suppose 3*j - 6*c = -c + 405, k*j + c - 517 = 0. What is the tens digit of j?
3
Suppose 2630 = 8*l + 13286. What is the hundreds digit of 7457/15 + l/(-135) + -10?
4
Let s be (113380/(-12))/((-20)/12). Suppose 0 = 7*l - s - 3305. What is the hundreds digit of l?
2
Suppose -10*h + 32 = -8. Suppose -71 = -h*a - 207. Let f = a - -96. What is the units digit of f?
2
Let l = 419 + -421. Suppose 2*t - 9 = i, 0*i = -5*i + t - 36. What is the units digit of ((-2)/i)/(l/(-42))?
6
Let z be -2 + ((-2)/3)/(10/(-150)). Suppose 15*k - z*k = 896. Let s = k - 16. What is the hundreds digit of s?
1
Suppose 6*d + 5094 = 8*d. Let v = d + -1650. Let n = v - 636. What is the tens digit of n?
6
Suppose -9 = 3*u, -31173 = 1257*a - 1261*a - u. What is the units digit of a?
4
Suppose -s - 264 = -7*s. Suppose -k + s - 24 = 0. Suppose -17*l - 261 = -k*l. What is the tens digit of l?
8
Let w = -23732 - -23736. What is the units digit of w?
4
Let y = 7 - 11. What is the tens digit of ((-200)/8)/((y/(-15))/(-4))?
7
Let w = -33 - -37. Suppose w*g + 4*m - 1604 = 0, -5*g + 0*m = -m - 2023. What is the tens digit of g?
0
Let u(x) = 3*x**2 + 11*x + 5. Let h be u(-5). Let w(m) = -10 - 2*m**2 + 5*m - h*m**2 + 18*m**2 - m**3. What is the units digit of w(-11)?
7
What is the hundreds digit of ((-62)/(-8) - (-1)/4)*(-103129)/(-26)?
7
Let o(r) be the second derivative of 9*r**5/10 - r**4/4 + 5*r**3/6 - 13*r**2/2 + 26*r - 2. What is the units digit of o(3)?
1
Suppose -17*h = -15*h - 702. Let o = -88 + h. What is the tens digit of o?
6
Let d be (-1)/2*1432/(-2 + 6). Let x = d - -544. What is the units digit of x?
5
Suppose 4*p = 2*y - 7 + 1, 4*p = -3*y - 21. What is the hundreds digit of 165/(-2)*p*24/18?
3
Suppose -7*i = -4*i + 4*j - 367, -2*i - j + 248 = 0. Suppose 30 - i = -19*o. Suppose 10*u + g - 771 = 5*u, o*u - 4*g = 766. What is the hundreds digit of u?
1
Let u = 88 - 117. Let b = u - -346. What is the hundreds digit of b?
3
Let y = -2 + 26. Let p = 24 - y. Suppose p = -3*z + 112 + 110. What is the units digit of z?
4
Let i(v) be the third derivative of v**6/180 + v**5/60 - 17*v**4/24 + 8*v**2. Let k(x) be the second derivative of i(x). What is the units digit of k(21)?
6
Suppose 20 = 2*d - 4*y, 0*d = 3*d + 4*y + 20. Suppose -u + 3*f - 6 = 2*f, d = 5*u + 5*f. What is the tens digit of (-30)/(-20)*(-158)/u?
7
Suppose 66*i = 29*i + 27*i + 181280. What is the tens digit of i?
2
Suppose 2*m - 2*l - 32858 = -2*m, 5*m - 3*l - 41073 = 0. What is the hundreds digit of m?
2
Let j(r) = 23*r - 6. Suppose 3*b + 3 = 9, 3*x + 2*b - 19 = 0. Suppose x = -38*v + 43*v. What is the tens digit of j(v)?
1
Suppose 0 = 11*u - 18 - 180. Suppose x + 3*j + 6 = 0, j = -x + 2*j - 18. Let t = x + u. What is the units digit of t?
3
Let n(k) = k**2 - 12*k + 39. Let v be n(-8). Suppose -v = -8*c + 1145. What is the hundreds digit of c?
1
Suppose 34*z - 353190 = 6*z + 316262. What is the thousands digit of z?
3
Let k = -739 - -4273. What is